+ 6*t**2 + t - 2. List the prime factors of u(-5).
2, 3
Let u(n) = -2*n**3 + 4*n**2 - 4*n + 1. Let a be u(3). Let r = 40 + a. What are the prime factors of r?
11
Suppose 0 = -3*d - y + 775, -3 = -2*y - 13. List the prime factors of d.
2, 5, 13
Suppose 3*a + 38 = 5*a. What are the prime factors of a?
19
Suppose -2*o + 0*k = 4*k - 310, -640 = -4*o - 3*k. List the prime factors of o.
163
Suppose -3*p = -3*k + 3, -3*p + 0*p - 11 = -5*k. Suppose 2 - 8 = -p*z. List the prime factors of z.
2
Let u = -23 + 28. What are the prime factors of u?
5
Suppose 5*l + 7 = 22. Suppose -l*z + z + 44 = 0. List the prime factors of z.
2, 11
Suppose -3*a + 300 = 5*f, -4*f + 104 + 158 = -2*a. What are the prime factors of f?
3, 7
Let x be (-18)/(-14) + (-6)/21. List the prime factors of ((-7)/14)/(x/(-18)).
3
Let a(m) = -m**2 - 5*m - 1. Let n be a(-4). Suppose -n*w - 9 = -0. List the prime factors of -15*((-12)/(-5) + w).
3
Suppose -2*x + 12 = 2*x. Suppose 0 = -4*y - 16, 16 = t + y - x*y. What are the prime factors of t?
2
Let h be (-6)/8*2*-2. Suppose -2*j = h*j - 65. What are the prime factors of j?
13
Let w(u) = 3*u**2. Suppose h - 2 + 4 = 0. List the prime factors of w(h).
2, 3
List the prime factors of 1/(-2) - (-5)/(20/582).
5, 29
Suppose -5*t = 120 - 220. What are the prime factors of t?
2, 5
Suppose r - 20 = -5*y, r - 4*y + 7 = -0*r. Suppose 3*z = 4*l - 40, r*z + 5 = -l + 2*z. List the prime factors of l.
7
Suppose w = -5*q - w - 70, -5*w = 3*q + 23. Let y = q + 28. What are the prime factors of y?
2, 3
Suppose 4*v + 935 = 4*i + v, -i - v = -232. List the prime factors of i.
233
Let l = -14 + 10. Let s be 8 + -3*l/6. What are the prime factors of ((-24)/s - -2)*-25?
2, 5
Let g(m) = -5*m**3 - 3*m**2 - 7*m - 6. List the prime factors of g(-3).
3, 41
Suppose 0 = 3*t - t - 108. Let w = -26 + t. Suppose 0 = 4*c - 2*d + 2 - w, -9 = -3*c - 2*d. List the prime factors of c.
5
Suppose 0 = -2*l - 5*r + 165, 7*r - 2*r + 210 = 3*l. What are the prime factors of l?
3, 5
Let w(r) = 3*r**2 + 6*r + 6. What are the prime factors of w(-3)?
3, 5
List the prime factors of (1*(-131 + -1))/((-6)/4).
2, 11
Let n(c) = 12*c - 9. List the prime factors of n(4).
3, 13
Let j be 8*4 + (-3 - -1). Suppose 6*k = k + j. What are the prime factors of k?
2, 3
Let k be (-5)/1*(-3)/(-3). Let y(c) = -c - 1. What are the prime factors of y(k)?
2
Suppose -3*g - 5*j = -8*g + 150, -j = g - 30. List the prime factors of g.
2, 3, 5
Let g = -87 + 434. What are the prime factors of g?
347
Suppose -5*r + 15 = u, -6*u = -2*u + r - 136. Let m = -16 + u. What are the prime factors of m?
19
Let l(t) = -t**3 + 14*t**2 - 16*t - 20. What are the prime factors of l(11)?
167
Suppose -4*p + 342 = 3*h, -14 = -h - 2*p + 102. Suppose 9*w = 11*w - h. What are the prime factors of w?
5, 11
Suppose 3*s + 9 = 0, 2*s - 81 = 5*z + 4*s. Let v = z + 26. What are the prime factors of v?
11
Suppose -5*r = -39 + 9. What are the prime factors of r?
2, 3
Suppose z = -z - 128. Let d = z - -97. What are the prime factors of d?
3, 11
Suppose 0 = -3*a + 281 + 85. List the prime factors of a.
2, 61
Let o(t) = -t**2 + 6*t - 5. Let q be o(4). List the prime factors of q*(-1 + (-7)/(-3)).
2
Let z = -7 - -8. Let y = -4 + z. Let t = y + 16. List the prime factors of t.
13
Let h = -3 - -19. What are the prime factors of h?
2
What are the prime factors of -6 + 7 - (-138 + 2)?
137
Let w be (-2 + 4)*3/2. Let f = w + -6. Let s = f - -8. What are the prime factors of s?
5
Let q be 8/44 - 40/(-22). What are the prime factors of (-102)/(-27) + q/9?
2
Let i = -116 + 65. Let l = -31 - i. What are the prime factors of l?
2, 5
Let m(p) = p**3 - 5*p**2 + p + 5. Let d be m(4). Let j = 13 + d. What are the prime factors of j?
2, 3
Suppose j - 4*j = -3*d - 45, -2*j + 4*d = -36. List the prime factors of j.
2, 3
Suppose 15 = -3*i - 0*i. Let f = 18 + i. What are the prime factors of f?
13
Let h(y) = -y**2 + 7*y + 4. Let w be h(7). Suppose w*i - 4*o - 164 = 0, 2*o = -5 - 5. Suppose l - i = -l. What are the prime factors of l?
2, 3
Let b(o) = o**3 - o**2 - o + 5. Suppose -12 = -l + 3*h, h - 6*h = 4*l - 14. Suppose 0 = -l*d + d. List the prime factors of b(d).
5
Let y be 141/2*(-6)/9. Let x = -22 - y. What are the prime factors of x?
5
Let n be (-2)/9 + 868/18. Suppose 3*j - 170 = -2*j. Let x = n - j. List the prime factors of x.
2, 7
Suppose 3*o - 4*q = 58, 0*q - 52 = -2*o - 4*q. What are the prime factors of o?
2, 11
Suppose -2*r = 2*r. Suppose r = -0*l - l - 2*v + 34, 3*v - 96 = -3*l. Suppose -2*o - 3*o + l = 0. List the prime factors of o.
2, 3
Suppose 3*i = -3*w + 63 + 27, -4*w = 3*i - 120. List the prime factors of w.
2, 3, 5
List the prime factors of (-1 - (-12 - -6))*55.
5, 11
Let t = 4 - 4. Let u = t - -3. Let k = u + 0. List the prime factors of k.
3
Let x(g) = g - 6. Let n be x(8). Suppose 4*s = -3*m - 96, -3*s + 20 = n*m + 85. List the prime factors of m*(2 - 5/2).
2, 7
Let u(n) = n**2 + 12*n - 8. List the prime factors of u(-22).
2, 53
Let m(a) = 24*a - 7. Let s be m(6). Suppose -16 = -4*b, b + 53 = -4*v + s. List the prime factors of v.
2, 5
Let k be 6*(3/6 - 0). Suppose -i = -3*b + 20, 3*i - i = -k*b + 23. List the prime factors of b.
7
Let i = 13 + -22. Let b = 23 + i. List the prime factors of b.
2, 7
What are the prime factors of 5 + -4 - -84 - 2?
83
Suppose 4*q - 10 - 2 = 0. Suppose q*b = 4*b - 4. What are the prime factors of b?
2
Let k(n) = -n**3 + 6*n**2 - 4*n. Suppose 2*d - u = 6 + 6, 0 = 3*d - u - 17. What are the prime factors of k(d)?
5
Suppose 527 = g + 2*a, -1436 = -4*g - 4*a + 660. Suppose 3*t + 3*h = 2*t + 99, -2*h + g = 5*t. Suppose -6*s + t = -s. List the prime factors of s.
3, 7
Let y(x) = x - 4. Let t be y(9). Let k be ((-5)/3)/t*-6. Suppose -2*w = -w - k, 0 = -j - 4*w + 16. List the prime factors of j.
2
Suppose -4*v - 3*p = -16, -4*p - 16 = -2*v - 2*v. Suppose -a + 14 = 3*y, a - 26 = -4*a - v*y. List the prime factors of a.
2
Let y(w) = 4*w**3 - 2*w**2 + 1. Let a(p) = -p**3 - 3*p**2 - 2*p - 1. Let g be a(-2). Let q be y(g). What are the prime factors of q/5*1*-5?
5
Let y(j) = -4*j - 7. List the prime factors of y(-6).
17
Suppose k + 4 - 7 = 0. Suppose -k*f + 54 = 5*b - 15, -f - b = -25. What are the prime factors of f?
2, 7
Let s = 8 + -10. Let b be s/(-2) - 95/5. Let f = 34 + b. What are the prime factors of f?
2
Let b(z) = -59*z**2 - 3*z + 2. Let g be b(1). List the prime factors of g/9*(-12 + 3).
2, 3, 5
Let d = 1 + 3. Suppose d*c + c - 50 = 0. Suppose -5*r + 4*r + c = 0. What are the prime factors of r?
2, 5
Let i = -67 - -112. What are the prime factors of i?
3, 5
Let g be (-1 + 2 - -1) + 2. Suppose -3*s - 22 = -g*w, -w + s = -3*w + 6. Suppose -w*k + 2*k = -2*j - 20, -2*k = j - 14. List the prime factors of k.
2
Let c = 5 - 2. Let f = 8 - c. Let k = f + 0. What are the prime factors of k?
5
Let l = -7 + 42. Suppose -3*q = 5*t - l, q + 0*q = -t + 9. List the prime factors of q.
5
Suppose -5*s + 6*o + 20 = o, 5*o = 4*s - 17. Let w be (-31)/5 + s/15. Let k = -3 - w. List the prime factors of k.
3
Let j be -2 + 6 + 1 + 0. Suppose 0 = q - 5*n + 9, 3*q - 5*n - j = 8. Suppose 4*i - z - q = -0*i, -1 = i - 4*z. What are the prime factors of i?
3
Suppose 4*o = -4 - 8. Let b be (-1 - 2/(-8))*16. What are the prime factors of ((-2)/o)/(b/(-162))?
3
Let a(q) = -2*q + 3 + 26*q**3 - 2 + 0*q**3. What are the prime factors of a(1)?
5
Suppose -2*v + 4 = -3*p, 5*p - 25 = v - 4*v. Suppose 1 = -2*o + b + 7, -p*b = 0. Suppose o*s + i - 4 = -0*s, -i = -s + 4. What are the prime factors of s?
2
Let u be (-4)/4 - 0/2. Let f = 5 - u. Let k(g) = g + 6. List the prime factors of k(f).
2, 3
Let y(l) = l**3 - 14*l**2 - 14*l - 15. Let u be y(15). Let m(x) = -x**3 - 6*x**2 - 5*x + 4. Let h be m(-5). What are the prime factors of (-6 - u)*(-5 + h)?
2, 3
Let f(z) = z + 2*z + z**3 - 2*z**2 - 2 - z. List the prime factors of f(2).
2
Let t = 72 + 105. What are the prime factors of t?
3, 59
Let o(c) = 2*c + 3*c - 8*c**2 + 2*c**2 - c**3 - 5 + c. List the prime factors of o(-7).
2
Let u(x) = -x**2 + 20*x - 20. What are the prime factors of u(14)?
2
Let f(z) = -z**2. Let w(d) = d**3 - 2*d - 5. Let g(x) = 2*f(x) - w(x). List the prime factors of g(-3).
2
Suppose -2*n + 11 - 5 = 0. Suppose -n*c + 5 = -7. Suppose -5*l - z = -17, 3*l = -l + c*z + 28. What are 